ue
Is 4721 a composite number?
False
Is 2497 a composite number?
True
Is 919 a prime number?
True
Is 601177 a prime number?
False
Is 9767 a prime number?
True
Is 22343 prime?
True
Is 44839 a composite number?
False
Is 60013 prime?
True
Is 125066 a composite number?
True
Is 731369 prime?
True
Is 73121 prime?
True
Is 28471 composite?
True
Is 3847 a prime number?
True
Is 174599 a prime number?
True
Is 3611 composite?
True
Is 391387 a prime number?
True
Is 141871 a prime number?
True
Is 1726841 a prime number?
True
Is 1507 composite?
True
Is 14377 prime?
False
Is 97327 a composite number?
False
Is 324587 composite?
False
Is 175103 prime?
True
Is 491 composite?
False
Is 1511 prime?
True
Is 48499 a prime number?
False
Is 869287 a prime number?
False
Is 9019 a prime number?
False
Is 40459 composite?
False
Is 207833 composite?
False
Is 8317 a prime number?
True
Is 30577 prime?
True
Is 190471 a prime number?
True
Is 1477 prime?
False
Is 5183 prime?
False
Is 967 prime?
True
Is 1026397 prime?
False
Is 16057 composite?
False
Is 496835 composite?
True
Is 315373 a prime number?
True
Is 13537 prime?
True
Is 473747 a prime number?
False
Is 5093 composite?
True
Is 18397 prime?
True
Is 8941 a composite number?
False
Is 3299 composite?
False
Is 37801 a prime number?
False
Is 2271 a prime number?
False
Is 2759 a composite number?
True
Is 4737 prime?
False
Is 72101 prime?
True
Is 152107 composite?
True
Is 11021 prime?
False
Is 232003 composite?
False
Is 896531 a composite number?
False
Is 114467 a prime number?
True
Is 31829 a composite number?
True
Is 98633 a prime number?
False
Is 33206 a prime number?
False
Is 1459 a composite number?
False
Is 24281 a composite number?
False
Is 1011 a composite number?
True
Is 8813 prime?
False
Is 15259 composite?
False
Is 1169 a prime number?
False
Is 789433 composite?
True
Is 6707 a composite number?
True
Is 252907 a prime number?
False
Is 13811 a composite number?
True
Is 33563 a prime number?
True
Is 14441 a composite number?
True
Is 216574 composite?
True
Is 47051 a prime number?
True
Is 2611 composite?
True
Is 8563 prime?
True
Is 3149 a composite number?
True
Is 1805701 prime?
True
Is 92051 a prime number?
True
Is 765353 prime?
True
Is 25001 a composite number?
True
Is 36965 a composite number?
True
Is 1446899 prime?
True
Is 102667 a prime number?
True
Is 24637 a composite number?
True
Is 674419 composite?
False
Is 36131 composite?
False
Is 21694 a prime number?
False
Is 67121 a prime number?
True
Is 42767 a prime number?
True
Is 1162177 a prime number?
False
Is 7283 prime?
True
Is 1533793 prime?
True
Is 142297 composite?
False
Is 39751 composite?
True
Is 1021183 a prime number?
True
Is 1470763 composite?
True
Is 13747 a prime number?
False
Is 95383 prime?
True
Is 13241 a composite number?
False
Is 31883 composite?
False
Is 2999639 prime?
True
Is 634013 prime?
True
Is 19407 a prime number?
False
Is 293 prime?
True
Is 1736045 prime?
False
Is 67027 a prime number?
False
Is 44857 composite?
True
Is 297329 composite?
True
Is 176651 a prime number?
True
Is 28769 composite?
True
Is 14845 composite?
True
Is 59951 a composite number?
False
Is 61453 a prime number?
False
Is 107279 a composite number?
False
Is 175573 prime?
True
Is 15781 a prime number?
False
Is 8803 a composite number?
False
Is 830735 a prime number?
False
Is 44399 prime?
False
Is 23531 a prime number?
True
Is 1394821 composite?
False
Is 144559 prime?
False
Is 4637 a composite number?
False
Is 2447 prime?
True
Is 57391 composite?
True
Is 12799 a composite number?
False
Is 979 a prime number?
False
Is 239842 a prime number?
False
Is 179471 composite?
False
Is 51677 prime?
False
Is 3369 a composite number?
True
Is 149759 a prime number?
True
Is 5857 a prime number?
True
Is 172999 composite?
False
Is 295 prime?
False
Is 127157 a prime number?
True
Is 95833 prime?
False
Is 333847 prime?
False
Is 3907 a prime number?
True
Is 3109 a prime number?
True
Is 311111 a composite number?
False
Is 116009 a composite number?
False
Is 19301 a prime number?
True
Is 34211 prime?
True
Is 75281 prime?
False
Is 2811 a prime number?
False
Is 13939 composite?
True
Is 25523 composite?
False
Is 640613 a composite number?
False
Is 126001 composite?
False
Is 4853 prime?
False
Is 23773 composite?
False
Is 84083 a prime number?
False
Is 701 prime?
True
Is 14447 composite?
False
Is 17245 a prime number?
False
Is 2053 composite?
False
Is 51 composite?
True
Is 7297 a prime number?
True
Is 165931 a composite number?
False
Is 25043 prime?
False
Is 41519 composite?
False
Is 250583 a composite number?
False
Is 9901 a composite number?
False
Is 1151 a composite number?
False
Is 41885 a prime number?
False
Is 1145713 a prime number?
True
Is 13017 a prime number?
False
Is 91577 composite?
False
Is 36903 composite?
True
Is 591727 prime?
False
Is 14026 composite?
True
Is 197741 a composite number?
False
Is 1729877 composite?
False
Is 4427 composite?
True
Is 1025633 a composite number?
True
Is 883517 composite?
False
Is 103655 prime?
False
Is 114539 a prime number?
False
Is 72955 composite?
True
Is 11213 a composite number?
False
Is 21191 composite?
False
Is 48427 a composite number?
True
Is 17411 a composite number?
True
Is 15133 a composite number?
True
Is 2450759 a composite number?
False
Is 17218 a composite number?
True
Is 40773 a composite number?
True
Is 373 composite?
False
Is 114481 a composite number?
True
Is 1639166 a prime number?
False
Is 13885 prime?
False
Is 19549 a prime number?
False
Is 14107 a prime number?
True
Is 15673 a prime number?
False
Is 7327 a composite number?
True
Is 247301 prime?
True
Is 8779 a composite number?
False
Is 52919 prime?
True
Is 30427 prime?
True
Is 12091 prime?
False
Is 1009 prime?
True
Is 13355 prime?
False
Is 1068577 a composite number?
False
Is 221797 composite?
False
Is 83177 a composite number?
False
Is 8609 composite?
False
Is 39251 prime?
True
Is 1765 prime?
False
Is 24271 prime?
False
Is 3046 prime?
False
Is 13813 a prime number?
False
Is 215799 a composite number?
True
Is 111715 a composite number?
True
Is 347747 composite?
False
Is 289397 composite?
False
Is 118 prime?
False
Is 2053 composite?
False
Is 380909 prime?
True
Is 565879 a prime number?
False
Is 111669 composite?
True
Is 2360615 composite?
True
Is 1104295 a prime number?
False
Is 2003 a prime number?
True
Is 549587 prime?
True
Is 46021 a composite number?
False
Is 11599 composite?
True
Is 20363 composite?
True
Is 252803 prime?
False
Is 2567195 composite?
True
Is 1106257 prime?
True
Is 508327 prime?
True
Is 6863 a composite number?
False
Is 27842 prime?
False
Is 468823 a composite number?
True
Is 18191 prime?
True
Is 718657 composite?
False
Is 599681 composite?
False
Is 180626 a prime number?
False
Is 5779 a prime number?
True
Is 1973 a composite number?
False
Is 2061667 a prime number?
True
Is 721 a composite number?
True
Is 63241 composite?
False
Is 2746247 a composite number?
True
Is 32405 a composite number?
True
Is 165173 a composite number?
False
Is 61001 a prime number?
True
Is 868018 prime?
False
Is 907 composite?
False
Is 19373 composite?
False
Is 269011 composite?
True
Is 23509 composite?
False
Is 1717 a prime number?
False
Is 7715 prime?
False
Is 28286 a composite number?
True
Is 388646 a prime number?
False
Is 1009 composite?
False
Is 34381 a prime number?
True
Is 9613 prime?
True
Is 295111 prime?
True
Is 2157 a prime number?
False
Is 155301 a composite number?
True
Is 20341 a composite number?
False
Is 2057129 a prime number?
False
Is 51713 a composite number?
False
Is 24281 composite?
False
Is 87619 a prime number?
False
Is 885119 prime?
False
Is 53393 composite?
True
Is 65353 a prime number?
True
Is 814447 a prime number?
True
Is 25249 prime?
False
Is 1913 a composite number?
False
Is 222461 prime?
True
Is 6885091 prime?
True
Is 56939 a prime number?
False
Is 96053 prime?
True
Is 103453 a composite number?
True
Is 30367 a composite number?
False
Is 19801 a composite number?
False
Is 32117 prime?
True
Is 36247 composite?
True
Is 5729 a prime number?
False
Is 108467 a composite number?
True
Is 7603 prime?
True
Is 903791 a prime number?
False
Is 195911 a composite number?
True
Is 183191 composite?
False
Is 126001 a composite number?
False
Is 621059 a composite number?
False
Is